n base 4, what is -131 + -2?
-133
In base 8, what is 2 + 61?
63
In base 3, what is -12 + -12?
-101
In base 9, what is 11760 - -5?
11765
In base 9, what is -134 + 38?
-85
In base 9, what is 1332 - -11?
1343
In base 16, what is -608 + -1?
-609
In base 15, what is -2 + 494?
492
In base 13, what is -2 + -4c7?
-4c9
In base 13, what is -466 + 1?
-465
In base 12, what is 48 + -16b?
-123
In base 5, what is -23234 - 1?
-23240
In base 9, what is -402 + -7?
-410
In base 9, what is -1816 + -4?
-1821
In base 11, what is 9 + 3?
11
In base 2, what is 101 - 10011011111?
-10011011010
In base 14, what is -265 + -3?
-268
In base 6, what is 102 - 1?
101
In base 3, what is -2022201 + -12?
-2022220
In base 5, what is 0 + 11333?
11333
In base 4, what is -3230 + -1?
-3231
In base 11, what is -175a - -7?
-1753
In base 7, what is 5625 - 0?
5625
In base 8, what is 1 + 51?
52
In base 7, what is 153 + -2?
151
In base 8, what is 1077 + -5?
1072
In base 14, what is -c - -22?
14
In base 7, what is 11503 - 2?
11501
In base 14, what is -77 + 1?
-76
In base 16, what is 1 - 4?
-3
In base 6, what is 54525 - -1?
54530
In base 9, what is 15 - 8?
6
In base 2, what is -10 + -10110?
-11000
In base 6, what is -105 + 21?
-44
In base 10, what is -5 + -128?
-133
In base 14, what is -457d - -3?
-457a
In base 5, what is 3323 - -4?
3332
In base 5, what is -3 + -13?
-21
In base 10, what is 33 + 2?
35
In base 13, what is 1 + ba7?
ba8
In base 3, what is -1001221 + -10?
-1002001
In base 11, what is 2 - 1176?
-1174
In base 12, what is -2062 + -4?
-2066
In base 10, what is 3 - 6?
-3
In base 3, what is 2 - 2122?
-2120
In base 11, what is 62 + -290?
-229
In base 16, what is -3 - 1a3?
-1a6
In base 2, what is 1101010111 + 111?
1101011110
In base 7, what is 4 + 2431?
2435
In base 9, what is 20 + -12?
7
In base 6, what is -43 - 2312?
-2355
In base 5, what is 0 - -2333?
2333
In base 5, what is 10134 + -2?
10132
In base 11, what is 1917 - -4?
1920
In base 11, what is -17 - -3?
-14
In base 12, what is -bb2 + -2?
-bb4
In base 15, what is 2e - 76?
-47
In base 14, what is 5 - 277?
-272
In base 4, what is 12320103 + -10?
12320033
In base 2, what is 101 + -11001010010?
-11001001101
In base 10, what is -4 + 2?
-2
In base 10, what is 2 + 257?
259
In base 4, what is 211 + -1?
210
In base 9, what is 2 + -48?
-46
In base 2, what is -100001001011 - -101?
-100001000110
In base 2, what is 11100110 - -1?
11100111
In base 9, what is -5 + -623?
-628
In base 6, what is -5 + -2311?
-2320
In base 14, what is 0 + 151?
151
In base 4, what is 303302 + -2?
303300
In base 6, what is -53205 - 2?
-53211
In base 4, what is 10 + 321?
331
In base 7, what is 0 - -24232?
24232
In base 12, what is -6 - 502?
-508
In base 5, what is 34 - 134?
-100
In base 9, what is -354 + -5?
-360
In base 9, what is -4 + 67?
63
In base 8, what is -2625 + -10?
-2635
In base 5, what is -1300 + -11?
-1311
In base 7, what is -30 + -143?
-203
In base 8, what is 3 + -12204?
-12201
In base 16, what is -5 + -148?
-14d
In base 4, what is 10 - -321?
331
In base 5, what is -1011 - 1?
-1012
In base 12, what is 3 + 57?
5a
In base 9, what is 3 - 4165?
-4162
In base 4, what is 2101233 + 1?
2101300
In base 15, what is 5 - -13?
18
In base 6, what is -1 - 2124?
-2125
In base 16, what is 3 + 4a?
4d
In base 8, what is 3 - 133?
-130
In base 13, what is -63 - -34?
-2c
In base 5, what is -10 - 10233?
-10243
In base 12, what is b + 5?
14
In base 11, what is 77 + 12?
89
In base 16, what is -557 - 1?
-558
In base 8, what is 1 + 15473?
15474
In base 13, what is 2 - 1057?
-1055
In base 14, what is 1 - b71?
-b70
In base 14, what is -120 + 13?
-10b
In base 12, what is -2 - -628?
626
In base 4, what is 2230 - -13?
2303
In base 8, what is 200 + -3?
175
In base 11, what is -3 + -183?
-186
In base 12, what is 4 - -65?
69
In base 12, what is -87 - -6?
-81
In base 5, what is -2034 - -3?
-2031
In base 11, what is 2613 - 3?
2610
In base 6, what is 154 - -14?
212
In base 15, what is 3 + 18a?
18d
In base 6, what is -4 + 11?
3
In base 5, what is 0 - 122?
-122
In base 13, what is 58 + b?
66
In base 8, what is -2443 - 4?
-2447
In base 14, what is -45 + -5b?
-a2
In base 2, what is 1100111 - -101?
1101100
In base 2, what is 1101 + 10?
1111
In base 8, what is 15 + -521?
-504
In base 13, what is -5 - 31?
-36
In base 8, what is 113 + 1?
114
In base 2, what is 100 + 1111?
10011
In base 8, what is -1753 - -32?
-1721
In base 14, what is -1 - -50?
4d
In base 3, what is -10 + 10020222?
10020212
In base 12, what is 15 + -27?
-12
In base 16, what is -5 - 8?
-d
In base 13, what is 2a + -5?
25
In base 7, what is 6 - -5?
14
In base 3, what is -21020 + 0?
-21020
In base 10, what is -2045 - -9?
-2036
In base 12, what is -83 + -2?
-85
In base 2, what is 10 + -1011010?
-1011000
In base 6, what is -424 - 5?
-433
In base 13, what is -133 - -17?
-119
In base 4, what is -2320 - -10?
-2310
In base 16, what is 0 + -18?
-18
In base 9, what is 620 + 15?
635
In base 7, what is -4212 - 2?
-4214
In base 12, what is -192 + 2?
-190
In base 14, what is 3 + 466?
469
In base 3, what is 220101 - -11?
220112
In base 7, what is -55 + 326?
241
In base 12, what is 4 + 2572?
2576
In base 6, what is -3 - 45?
-52
In base 9, what is -6 + -834?
-841
In base 4, what is 11012210 - 3?
11012201
In base 11, what is 7 - -90?
97
In base 6, what is -3 - 33?
-40
In base 9, what is -640 + 41?
-588
In base 6, what is 11141 + 2?
11143
In base 6, what is -3 - -23354?
23351
In base 9, what is 30 - -153?
183
In base 9, what is -187 - 38?
-236
In base 16, what is 3 + -1d?
-1a
In base 5, what is 11 - -31?
42
In base 13, what is 4 + -2a9?
-2a5
In base 11, what is -78 - -3?
-75
In base 3, what is -221220212 - 11?
-221221000
In base 13, what is 2011 + 3?
2014
In base 9, what is -5646 - -2?
-5644
In base 4, what is 3 + -11122?
-11113
In base 8, what is -16 + 1057?
1041
In base 4, what is -12 + 101302?
101230
In base 9, what is 16651 + -1?
16650
In base 11, what is 1 - 286a?
-2869
In base 5, what is -124114 + -2?
-124121
In base 7, what is 0 - 1243?
-1243
In base 7, what is 0 - 563?
-563
In base 16, what is -7 + -4?
-b
In base 12, what is -4 - -337?
333
In base 4, what is -3 + -1013230?
-1013233
In base 16, what is 5 + 41?
46
In base 11, what is 22 + -172?
-150
In base 16, what is -959 - a?
-963
In base 8, what is 4 - 244?
-240
In base 16, what is -2 - -d88?
d86
In base 16, what is -60 - -14?
-4c
In base 4, what is 103311 - -3?
103320
In base 7, what is -531 + 0?
-531
In base 3, what is -110 - 1?
-111
In base 2, what is -1110011101 + 1?
-1110011100
In base 11, what is -107 + -7?
-113
In base 14, what is -c06 + 1?
-c05
In base 10, what is -69 + -5?
-74
In base 6, what is 5 - -20?
25
In base 10, what is -1 - -5?
4
In base 10, what is 1547 - 3?
1544
In base 9, what is 50 + 2?
52
In base 11, what is 8109 + 2?
8110
In base 2, what is -1111111010101 - -11?
-1111111010010
In base 13, what is 0 + a0?
a0
In base 13, what is 2c - 81?
-52
In base 7, what is 2 - 13?
-11
In base 3, what is -21 + 20?
-1
In base 14, what is 4 + 28d?
293
In base 13, what is 2 - 33?
-31
In base 11, what is -40 - 0?
-40
In base 12, what is -6 + 46b?
465
In base 12, what is 0 + 3762?
3762
In base 4, what is 1000 + -1?
333
In base 11, what is -45 - 195?
-22a
In base 9, what is 7 - -112?
120
In base 15, what is -120 + -8?
-128
In base 14, what is 2 + -138?
-136
In base 4, what is 1302113 - 0?
1302113
In base 15, what is -24 - 12?
-36
In base 10, what is 303 - 16?
287
In base 2, what is 11 - -10010001001?
10010001100
In base 5, what is 3 - -201?
204
In base 2, what is -101 - -1001110110?
1001110001
In base 7, what is -35 + -3?
-41
In base 10, what is 1 - 122?
-121
In base 15, what is -43 + 0?
-43
In base 7, what is 1 + 32?
33
In base 4, what is 1 - -1212?
1213
In base 3, what is -11 - 21120?
-21201
In base 6, what is 11135 - 0?
11135
In base 14, what is 124 + 2?
126
In base 10, what is -1165 - -3?
-1162
In base 9, what is -25 + -58?
-84
In base 7, what is -204633 + -4?
-204640
In base 6, what is 111 - -24?
135
In base 12, what is -5 - -29a?
295
In base 9, what is 222 - 8?
213
In base 10, what is -5 - 150?
-155
In base 9, what is -4 - 71?
-75
In base 3, what is 100221 + -1?
100220
In base 3, what is -20101111 + -10?
-20101121
In base 4, what is 3022 + 3?
3031
In base 3, what is 101211 - -121?
1021